Let d(l) be the third derivative of 0*l + 1/10*l**5 + 44*l**2 + 2/3*l**3 + 0 + 1/6*l**4 + 1/120*l**6. Calculate d(-5).
9
Let q(y) = -y**2 - 16*y + 6. Let h be (-5)/(-4 - -9) - 15. Calculate q(h).
6
Let x(v) = v**3 + 15*v**2 + 2*v + 20. Suppose -3*s = 2*s - 2*f + 69, -5*s = -f + 72. Calculate x(s).
-10
Let n(z) = -2*z - 4. Suppose -7*t + 6 = -8. Suppose 15 = t*y - 25. Let r be (-2)/((y/(-25))/(-2)). Give n(r).
6
Suppose -4 = -b - 0*b. Let t(x) be the first derivative of x**3/3 - 5*x**2/2 - x + 11. Calculate t(b).
-5
Let u(k) = -2*k - 4. Let p = 1252 + -1256. Give u(p).
4
Suppose -5*t - 25 = 10. Let w(z) = -32*z - 8 + 18*z + 13*z. What is w(t)?
-1
Let z = 0 + -3. Let q(i) = i - 4. Let l(b) = -2*b + 4. Let j(g) = z*q(g) - 2*l(g). Let n(m) = -m**2 + 7*m + 6. Let a be n(8). Determine j(a).
2
Let c(y) = -y - 5. Let t = 255 + -257. Give c(t).
-3
Let r(b) = -2*b + 7. Let i(q) = 2*q - 5. Let f be i(4). Let x(u) = -2 + 0*u + 2*u + 4 - 2*u + u. Let d be x(f). Give r(d).
-3
Let r(b) = 15*b + 940. Let c be r(-62). Let t(m) = -m**3 + 10*m**2 - 2*m - 5. Determine t(c).
-25
Let y(k) = 6*k**2 + 3*k + 2. Let t(v) = 3*v**2 + v + 1. Let f(i) = -7*t(i) + 3*y(i). Let g(x) = x. Let r be g(6). Let w = -5 + r. Calculate f(w).
-2
Let u(t) = 11*t**3 + 2*t**2 + 1. Let f(k) = 11*k**3 + k**2 + 1. Let q(y) = 3*f(y) - 2*u(y). Suppose -4*c - 8 = -2*d - 6, -5*c = 0. Give q(d).
11
Let g(s) = -s + 11. Let h be g(9). Let x(d) = 8*d + 1. Suppose -2*c = 3*c + 70. Let a(o) = o. Let k(q) = c*a(q) + h*x(q). Give k(3).
8
Let s(n) = n**2 - n + 1. Let u(a) = -a**2 - 3*a + 18. Let h be u(3). Suppose -13*d + 17*d + 16 = h. What is s(d)?
21
Let o be ((-1)/(-1))/((-2)/(-14)). Suppose 2*v = -2*a + 12, -5 = v - 5*a + o. Let t(p) = -4 - 3*p + p**v - 5*p**2 + 11*p**2 - 8*p**2. What is t(3)?
-4
Let r(l) be the first derivative of -l**3 + 3/2*l**2 + 4*l - 2. Let w(j) be the first derivative of r(j). Calculate w(3).
-15
Let o be ((-12)/(-16))/(0 - 3/144). Let z be -2 - ((-1)/2)/((-3)/o). Let n(h) = -3*h + 4. Calculate n(z).
-8
Suppose 0 = -i + 6*i - 10. Let q(m) = 5*m**3 + m**2 - 2*m + 15. Let f(x) = -9*x**3 - x**2 + 4*x - 26. Let l(k) = 3*f(k) + 5*q(k). Determine l(i).
-7
Let a be (-136)/(-102)*318/(-4). Let s = a + 104. Let o(p) be the second derivative of p**5/10 + p**4/4 - p. Determine o(s).
-4
Let y(q) be the second derivative of -1/6*q**3 + 0 + 6*q + 0*q**4 + 1/20*q**5 - q**2. Give y(2).
4
Let t(a) be the third derivative of a**4/8 - 2*a**3/3 - 75*a**2. Give t(3).
5
Let z(x) = x - 2. Let p be (-2 - (1 + -1))*(32 + -33). Suppose -p*b + 2 = -14. Calculate z(b).
6
Let q(h) = h**2 + 2*h - 6. Let l = 19 - 12. Suppose l*y + 40 = -y. What is q(y)?
9
Suppose -m = 3*i + 29, 26*m = 25*m - 5. Let u(b) = -b**3 - 7*b**2 + 8*b - 9. Calculate u(i).
-9
Let z(p) = p**2 + 1. Suppose -2*g = -3*g + 4. Suppose g*a - 6 = 7*a. Calculate z(a).
5
Let m(b) be the third derivative of b**6/120 + b**5/60 - b**4/8 - 2*b**3/3 - 8*b**2 + 5*b. Give m(-2).
-2
Suppose 0 = 2*n + 2*n - 16. Let w = 23 - -8. Let f(l) = -w + 0*l - 2*l + 35. Determine f(n).
-4
Let p be (-413)/(-354) + (-1)/2. Let j(c) be the third derivative of p*c**3 - 1/120*c**6 + 0 + 0*c + 4*c**2 - 7/24*c**4 + 7/60*c**5. Give j(6).
-2
Suppose -x + 4*b - 3*b - 3 = 0, 0 = 4*x - b + 3. Let v(a) = -6*a**3 - 4*a**2 + x*a**3 + 5*a**3. Let n be 64/(-28) - (-4)/14. Determine v(n).
-8
Let n(r) = 5*r**2 + 7*r - 16. Let d be n(4). Let o(u) = 99 + d - 197 + u. What is o(9)?
3
Let s be 22/(-2) - (0 - (-49)/7 - 13). Let h(t) = -t**2 - 6 + 3*t**2 - t**2 + 3*t. Determine h(s).
4
Let y(f) = 28*f**3 + 26*f**2 - 2*f - 27. Let q(t) = 13*t**3 + 13*t**2 - t - 13. Let r(c) = 13*q(c) - 6*y(c). What is r(-13)?
6
Let i(c) = 13*c**2 - 19*c + 3. Let n(p) = 37*p**2 - 55*p + 9. Let k(f) = -17*i(f) + 6*n(f). What is k(5)?
-7
Let m(w) = -w**3. Let a be (1/3)/((-310)/(-30) + -10). Give m(a).
-1
Suppose -5*o + 9 = 4*t, 0*o - 3*o = t + 3. Let k(m) be the third derivative of m**5/60 - m**4/3 - m**3/3 - 72*m**2. Calculate k(t).
-14
Let i(r) = 10*r - 1. Let q(a) = a + 2. Let o(p) = -p**3 - p**2 - p - 1. Let n be o(-1). Let l be q(n). Give i(l).
19
Let o(v) be the first derivative of 11*v**2/2 - v + 12. Suppose -2*w - 4 = -16. Suppose 5 = f + w. Give o(f).
-12
Let s(u) = -5*u**3 + 7*u**2 + u - 3. Suppose 5*c = 14 + 86. Suppose 3*h + 8 = c. Let o(t) = -3*t**3 + 4*t**2 + t - 2. Let v(w) = h*s(w) - 7*o(w). Give v(2).
4
Let w(f) = -f**3 + 7*f**2 + f - 3. Let g(n) = -3*n**3 - 4*n**2 + 2. Let l be g(3). Let o = l - -122. Give w(o).
4
Suppose 2*j - 2*l + 6 = 0, 4*l = -5*j - 0*l + 12. Suppose -11 = -b + h, -5*h - 3 - 22 = 0. Let a(w) = b*w + w**2 - 5*w - 2 + 2. Give a(j).
0
Let x(t) = 3*t**3 - 3*t**2 + 4*t - 2. Let v be x(2). Let a = -19 + v. Let j(i) = 3*i**2 - 4*i**3 - i**2 - 4*i + 5*i. Determine j(a).
5
Let t(v) be the third derivative of -1/3*v**3 + 0*v**4 + 0*v + 0 - 1/60*v**5 - 6*v**2. Determine t(-2).
-6
Let c(y) = 2*y**2 + 4*y - 2. Suppose 5*p = -205 + 190. Determine c(p).
4
Let r(n) = n**3 + 25*n**2 - 2*n + 3. Let z(w) = 2*w**3 + 26*w**2 - 3*w + 5. Let a(i) = -3*r(i) + 2*z(i). Give a(23).
1
Let a(x) be the third derivative of x**6/720 - 7*x**5/120 + x**4/24 + 22*x**3/3 - 2*x**2 - x. Let h(o) be the second derivative of a(o). Give h(8).
1
Let c be (-1 + (-56)/(-32))*-4. Let q(u) = u**2 + 7*u + 16. What is q(c)?
4
Let b(n) = -4*n + 1. Let q be b(1). Let d(h) = 4*h**2 - 1. Let o(m) = 18*m**2 - 5*m - 9. Let x(f) = -5*d(f) + o(f). Calculate x(q).
-7
Let p(z) = -46*z + 91. Let h(m) = -21*m + 46. Let l(b) = -13*h(b) + 6*p(b). What is l(-20)?
8
Let z(a) = 7*a**3 + a. Suppose 0 = 3*f - 15, 3*n - 34 = -f - f. Suppose 0 = -29*l + 37*l + n. Determine z(l).
-8
Let o(d) = -d**2 - 5*d + 24. Let g be o(-8). Suppose -6*t + 4*t + 6 = g. Let q(n) be the first derivative of -n**3/3 + 3*n**2/2 - 4*n - 1. What is q(t)?
-4
Let u(o) = -o + 1. Suppose -2*l - 6*l = 0. Let v(f) = f**2 - f - 8. Let m be v(l). Let n be (-2)/m*(-20)/(-5). Give u(n).
0
Let d(u) = -5*u - 3 + 10 + 3*u. Suppose -23 = -2*z - 3. Let r be -4*(z/8 + -3). Determine d(r).
-7
Let t(f) = 6*f**2 - 6*f + 13. Let u(v) be the third derivative of -v**5/60 - v**4/24 - v**2. Let k(d) = -t(d) - 5*u(d). What is k(9)?
5
Let r(j) = j**3 + 2*j**2 + 2*j - 3. Let s = 9 - 10. Suppose -5*m + 35 = g, 2 = 5*m - 8*m + 4*g. Let t(h) = h**2 + h. Let y(x) = m*t(x) + s*r(x). What is y(5)?
-2
Let a(t) = 3*t + 2. Let n(z) = z**2 + 4*z + 10. Let f be n(-2). Suppose -9*c - 6 = -f*c. Calculate a(c).
-4
Let f be 20/6*3/2. Suppose -84 = u - f*u. Let k(r) = -14 - 5*r**2 - 5 + r + u + r**3. Give k(5).
7
Suppose -b + 2 = -3*b. Let i(j) be the second derivative of -3*j**5/20 + j**4/6 + j**3/3 + j**2/2 - 21*j. Calculate i(b).
4
Let k(v) = -v**2 + 11*v - 25. Let j be 2/(-13) + ((-106)/(-13) - 3). Let p be k(j). Let y(t) = t**3 - 4*t**2 - 5*t + 5. Give y(p).
5
Let b = -11 + 10. Let u(s) = -4*s - 1. Let t be u(b). Let r(n) = t - 5*n - 2 + 2 - 6*n**2 - n**3. Determine r(-4).
-9
Let u(j) = 4*j - 6. Let h = -1760 + 1765. Give u(h).
14
Let v = 143 - 134. Suppose -v*r + 24 = -30. Let t(a) = -a - 2. Give t(r).
-8
Let k(w) = -2*w**2 + 2*w - 7. Let x(a) = -a**2 - a - 1. Let t(l) = k(l) - 3*x(l). Give t(4).
32
Let q(z) = -z - 1. Let r be (-1)/1 + 3*(-3)/(-9). What is q(r)?
-1
Let f be 152/(-25) - 76/(-950). Let m(t) = -t**2 - 5*t + 4. What is m(f)?
-2
Let s(f) = -11*f**2 + 4*f + 34. Let g(z) = 18*z**2 - 7*z - 68. Let u(m) = 3*g(m) + 5*s(m). Give u(0).
-34
Let p(g) = 0*g + g**2 + 4*g + g**2 - 2 + 0*g. Let h be -10 + -7 + 4 + 9. Calculate p(h).
14
Let t = 21 + -14. Let m be t/(-14)*(1 - 0 - 9). Let h(b) = b**3 - b. Let a(l) = 2*l**3 - 4*l**2 - 2*l + 3. Let i(r) = a(r) - h(r). Determine i(m).
-1
Let k(g) be the second derivative of -g**4/3 - 5*g**3/6 - g**2/2 + 544*g. Give k(-5).
-76
Let p(m) = -4*m**3 + 2*m - 10. Let x(l) = -5*l**3 + 3*l - 10. Let c(u) = 4*p(u) - 3*x(u). Suppose -4*z + 32 = 24. Let s be z/(-7) - 12/(-42). Give c(s).
-10
Let z(d) = 3*d**2 + 13*d - 26. Let h(l) = -2*l**2 - 6*l + 13. Let g(c) = 5*h(c) + 3*z(c). Let i(j) be the first derivative of g(j). Determine i(8).
-7
Let f(x) be the third derivative of x**5/60 - x**4/12 - x**3/3 + 87*x**2. Give f(-3).
13
Let x(p) = -7*p**2 - 3*p + 3. Let k(g) = 7*g**2 + 3*g - 4. Let t(z) = 4*k(z) + 5*x(z). Give t(-2).
-23
Let m(w) = 9 - w - 9 - w. Wh